{"id":27128,"date":"2025-11-16T23:56:57","date_gmt":"2025-11-16T21:56:57","guid":{"rendered":"https:\/\/invest-finder.eu\/?page_id=27128"},"modified":"2025-11-17T00:07:15","modified_gmt":"2025-11-16T22:07:15","slug":"modele-de-management","status":"publish","type":"page","link":"https:\/\/invest-finder.eu\/?page_id=27128","title":{"rendered":"Modele de Management"},"content":{"rendered":"\t\t<div data-elementor-type=\"wp-page\" data-elementor-id=\"27128\" class=\"elementor elementor-27128\">\n\t\t\t\t\n<div class=\"elementor-element elementor-element-61266450 e-flex e-con-boxed e-con e-parent\" data-id=\"61266450\" data-element_type=\"container\">\n\t\t\t\t\t<div class=\"e-con-inner\">\n\t\t\t\t<div class=\"elementor-element elementor-element-f2e7030 elementor-widget elementor-widget-heading\" data-id=\"f2e7030\" data-element_type=\"widget\" data-widget_type=\"heading.default\">\n\t\t\t\t\t<h1 class=\"elementor-heading-title elementor-size-default\">Modele de Management<\/h1>\t\t\t\t<\/div>\n\t\t\t\t\t<\/div>\n\t\t\t\t<\/div>\n\t\t\t\t<section class=\"elementor-section elementor-top-section elementor-element elementor-element-eb5f363 elementor-section-boxed elementor-section-height-default elementor-section-height-default\" data-id=\"eb5f363\" data-element_type=\"section\" data-settings=\"{&quot;background_background&quot;:&quot;classic&quot;}\">\n\t\t\t\t\t\t<div class=\"elementor-container elementor-column-gap-wider\">\n\t\t\t\t\t<div class=\"elementor-column elementor-col-33 elementor-top-column elementor-element elementor-element-40f6416\" data-id=\"40f6416\" data-element_type=\"column\" data-settings=\"{&quot;background_background&quot;:&quot;classic&quot;}\">\n\t\t\t<div class=\"elementor-widget-wrap elementor-element-populated\">\n\t\t\t\t\t\t<div class=\"elementor-element elementor-element-9d37802 elementor-widget elementor-widget-image\" data-id=\"9d37802\" data-element_type=\"widget\" data-widget_type=\"image.default\">\n\t\t\t\t\t\t\t\t\t\t\t\t\t\t\t<img fetchpriority=\"high\" decoding=\"async\" width=\"363\" height=\"700\" src=\"https:\/\/invest-finder.eu\/wp-content\/uploads\/2025\/11\/investfinder-manag-v1.jpg\" class=\"attachment-large size-large wp-image-27131\" alt=\"\" srcset=\"https:\/\/invest-finder.eu\/wp-content\/uploads\/2025\/11\/investfinder-manag-v1.jpg 363w, https:\/\/invest-finder.eu\/wp-content\/uploads\/2025\/11\/investfinder-manag-v1-156x300.jpg 156w\" sizes=\"(max-width: 363px) 100vw, 363px\" \/>\t\t\t\t\t\t\t\t\t\t\t\t\t\t\t<\/div>\n\t\t\t\t\t<\/div>\n\t\t<\/div>\n\t\t\t\t<div class=\"elementor-column elementor-col-33 elementor-top-column elementor-element elementor-element-cd020ac\" data-id=\"cd020ac\" data-element_type=\"column\" data-settings=\"{&quot;background_background&quot;:&quot;classic&quot;}\">\n\t\t\t<div class=\"elementor-widget-wrap elementor-element-populated\">\n\t\t\t\t\t\t<div class=\"elementor-element elementor-element-5567f79 elementor-widget elementor-widget-image\" data-id=\"5567f79\" data-element_type=\"widget\" data-widget_type=\"image.default\">\n\t\t\t\t\t\t\t\t\t\t\t\t\t\t\t<img decoding=\"async\" width=\"363\" height=\"700\" src=\"https:\/\/invest-finder.eu\/wp-content\/uploads\/2025\/11\/investfinder-manag-v2.jpg\" class=\"attachment-large size-large wp-image-27132\" alt=\"\" srcset=\"https:\/\/invest-finder.eu\/wp-content\/uploads\/2025\/11\/investfinder-manag-v2.jpg 363w, https:\/\/invest-finder.eu\/wp-content\/uploads\/2025\/11\/investfinder-manag-v2-156x300.jpg 156w\" sizes=\"(max-width: 363px) 100vw, 363px\" \/>\t\t\t\t\t\t\t\t\t\t\t\t\t\t\t<\/div>\n\t\t\t\t\t<\/div>\n\t\t<\/div>\n\t\t\t\t<div class=\"elementor-column elementor-col-33 elementor-top-column elementor-element elementor-element-e0d5108\" data-id=\"e0d5108\" data-element_type=\"column\">\n\t\t\t<div class=\"elementor-widget-wrap elementor-element-populated\">\n\t\t\t\t\n\t\t<div class=\"elementor-element elementor-element-0ef005a elementor-widget elementor-widget-text-editor\" data-id=\"0ef005a\" data-element_type=\"widget\" data-widget_type=\"text-editor.default\">\n\t\t\t\t\t\t\t\t\t<p>Industria ospitalit\u0103\u021bii, recunoscut\u0103 pentru dinamismul \u0219i competitivitatea sa, ofer\u0103 ast\u0103zi o varietate complex\u0103 de modele de management hotelier. Dac\u0103 aceast\u0103 industrie nu se poate l\u0103uda cu un grad mare de inovare tehnologic\u0103 intrinsec\u0103, majoritatea inova\u021biilor tehnologice provenind din afara ei, \u00een ceea ce prive\u0219te modelele de management, s-au bucurat de o mare creativitate pe tot parcursul existen\u021bei sale. Fiecare model de management a fost adaptat contextului economic, nivelului de investi\u021bie, profilului pie\u021bei \u0219i obiectivelor strategice ale proprietarilor. Alegerea modelului potrivit nu prive\u0219te doar performan\u021ba financiar\u0103 a unui hotel, ci \u0219i imaginea de brand, satisfac\u021bia clien\u021bilor \u0219i poten\u021bialul de cre\u0219tere pe termen lung.<\/p><p>La baza oric\u0103rui model de management hotelier, stau c\u00e2teva componente-cheie: infrastructura \u0219i localizarea hotelului, calitatea produsului \u0219i a serviciilor, canalele de distribu\u021bie \u0219i de marketing, segmentul-\u021bint\u0103 de oaspe\u021bi, resursele umane, structura costurilor \u0219i a veniturilor, precum \u0219i valoarea ad\u0103ugat\u0103 oferit\u0103 clien\u021bilor. \u00cen\u021belegerea acestor elemente este crucial\u0103 pentru a construi un model sustenabil \u0219i competitiv. \u00cenainte de a intra \u00een subiectul modelelor de management, este necesar s\u0103 definim c\u00e2teva elemente de baz\u0103.<\/p>\t\t\t\t\t\t\t\t<\/div>\n\t\t\t\t\t<\/div>\n\t\t<\/div>\n\t\t\t\t\t<\/div>\n\t\t<\/section>\n\t\t\t\t<section class=\"elementor-section elementor-top-section elementor-element elementor-element-26f2c66 elementor-section-boxed elementor-section-height-default elementor-section-height-default\" data-id=\"26f2c66\" data-element_type=\"section\" data-settings=\"{&quot;background_background&quot;:&quot;classic&quot;}\">\n\t\t\t\t\t\t<div class=\"elementor-container elementor-column-gap-default\">\n\t\t\t\t\t<div class=\"elementor-column elementor-col-100 elementor-top-column elementor-element elementor-element-0ee030f\" data-id=\"0ee030f\" data-element_type=\"column\">\n\t\t\t<div class=\"elementor-widget-wrap elementor-element-populated\">\n\t\t\t\t\t\t<div class=\"elementor-element elementor-element-a2a486f elementor-widget elementor-widget-heading\" data-id=\"a2a486f\" data-element_type=\"widget\" data-widget_type=\"heading.default\">\n\t\t\t\t\t<h2 class=\"elementor-heading-title elementor-size-default\"><b>Societatea de management<\/b> sau societatea de operare<\/h2>\t\t\t\t<\/div>\n\t\t\t\t<div class=\"elementor-element elementor-element-a8e50f1 elementor-widget elementor-widget-heading\" data-id=\"a8e50f1\" data-element_type=\"widget\" data-widget_type=\"heading.default\">\n\t\t\t\t\t<h3 class=\"elementor-heading-title elementor-size-default\"><i> (hotel managers sau hotel operators)<\/i><\/h3>\t\t\t\t<\/div>\n\t\t\t\t<div class=\"elementor-element elementor-element-88b1258 elementor-widget elementor-widget-text-editor\" data-id=\"88b1258\" data-element_type=\"widget\" data-widget_type=\"text-editor.default\">\n\t\t\t\t\t\t\t\t\t<p>\u00cen industria hotelier\u0103, companiile profesioniste care opereaz\u0103 hoteluri sunt denumite, inter\u0219anjabil, \u201esociet\u0103\u021bi de management hotelier\u201c (<em>hotel <\/em><em>managers, hotel management companies<\/em>), \u201esociet\u0103\u021bi de operare hotelier\u0103\u201c (<em>hotel operators sau hotel operating companies<\/em>). Ace\u0219ti termeni au acela\u0219i sens \u0219i, pentru varietate, putem folosi ace\u0219ti termeni alternativ.<\/p>\t\t\t\t\t\t\t\t<\/div>\n\t\t\t\t\t<\/div>\n\t\t<\/div>\n\t\t\t\t\t<\/div>\n\t\t<\/section>\n\t\t\t\t<section class=\"elementor-section elementor-top-section elementor-element elementor-element-804e119 elementor-section-boxed elementor-section-height-default elementor-section-height-default\" data-id=\"804e119\" data-element_type=\"section\" data-settings=\"{&quot;background_background&quot;:&quot;classic&quot;}\">\n\t\t\t\t\t\t<div class=\"elementor-container elementor-column-gap-default\">\n\t\t\t\t\t<div class=\"elementor-column elementor-col-100 elementor-top-column elementor-element elementor-element-04866aa\" data-id=\"04866aa\" data-element_type=\"column\">\n\t\t\t<div class=\"elementor-widget-wrap elementor-element-populated\">\n\t\t\t\t\t\t<div class=\"elementor-element elementor-element-0048df1 elementor-widget elementor-widget-heading\" data-id=\"0048df1\" data-element_type=\"widget\" data-widget_type=\"heading.default\">\n\t\t\t\t\t<h2 class=\"elementor-heading-title elementor-size-default\">Titlu<\/h2>\t\t\t\t<\/div>\n\t\t\t\t<div class=\"elementor-element elementor-element-428b187 elementor-widget elementor-widget-text-editor\" data-id=\"428b187\" data-element_type=\"widget\" data-widget_type=\"text-editor.default\">\n\t\t\t\t\t\t\t\t\t<p>Text<\/p>\t\t\t\t\t\t\t\t<\/div>\n\t\t\t\t\t<\/div>\n\t\t<\/div>\n\t\t\t\t\t<\/div>\n\t\t<\/section>\n\t\t\t\t<section class=\"elementor-section elementor-top-section elementor-element elementor-element-0ffd79a elementor-section-boxed elementor-section-height-default elementor-section-height-default\" data-id=\"0ffd79a\" data-element_type=\"section\" data-settings=\"{&quot;background_background&quot;:&quot;classic&quot;}\">\n\t\t\t\t\t\t<div class=\"elementor-container elementor-column-gap-default\">\n\t\t\t\t\t<div class=\"elementor-column elementor-col-100 elementor-top-column elementor-element elementor-element-fdadd98\" data-id=\"fdadd98\" data-element_type=\"column\">\n\t\t\t<div class=\"elementor-widget-wrap elementor-element-populated\">\n\t\t\t\t\t\t<div class=\"elementor-element elementor-element-1da8a60 elementor-widget elementor-widget-heading\" data-id=\"1da8a60\" data-element_type=\"widget\" data-widget_type=\"heading.default\">\n\t\t\t\t\t<h2 class=\"elementor-heading-title elementor-size-default\">Titlu<\/h2>\t\t\t\t<\/div>\n\t\t\t\t<div class=\"elementor-element elementor-element-1ad113b elementor-widget elementor-widget-text-editor\" data-id=\"1ad113b\" data-element_type=\"widget\" data-widget_type=\"text-editor.default\">\n\t\t\t\t\t\t\t\t\t<p>Text<\/p>\t\t\t\t\t\t\t\t<\/div>\n\t\t\t\t\t<\/div>\n\t\t<\/div>\n\t\t\t\t\t<\/div>\n\t\t<\/section>\n\t\t\t\t<\/div>\n\t\t","protected":false},"excerpt":{"rendered":"<p>Modele de Management Industria ospitalit\u0103\u021bii, recunoscut\u0103 pentru dinamismul \u0219i competitivitatea sa, ofer\u0103 ast\u0103zi o varietate complex\u0103 de modele de management hotelier. Dac\u0103 aceast\u0103 industrie nu se poate l\u0103uda cu un grad mare de inovare tehnologic\u0103 intrinsec\u0103, majoritatea inova\u021biilor tehnologice provenind din afara ei, \u00een ceea ce prive\u0219te modelele de management, s-au bucurat de o mare [&hellip;]<\/p>\n","protected":false},"author":3,"featured_media":0,"parent":0,"menu_order":0,"comment_status":"closed","ping_status":"closed","template":"","meta":{"footnotes":""},"class_list":["post-27128","page","type-page","status-publish","hentry"],"cubewp_post_meta":[],"taxonomies":[],"_links":{"self":[{"href":"https:\/\/invest-finder.eu\/index.php?rest_route=\/wp\/v2\/pages\/27128","targetHints":{"allow":["GET"]}}],"collection":[{"href":"https:\/\/invest-finder.eu\/index.php?rest_route=\/wp\/v2\/pages"}],"about":[{"href":"https:\/\/invest-finder.eu\/index.php?rest_route=\/wp\/v2\/types\/page"}],"author":[{"embeddable":true,"href":"https:\/\/invest-finder.eu\/index.php?rest_route=\/wp\/v2\/users\/3"}],"replies":[{"embeddable":true,"href":"https:\/\/invest-finder.eu\/index.php?rest_route=%2Fwp%2Fv2%2Fcomments&post=27128"}],"version-history":[{"count":4,"href":"https:\/\/invest-finder.eu\/index.php?rest_route=\/wp\/v2\/pages\/27128\/revisions"}],"predecessor-version":[{"id":27135,"href":"https:\/\/invest-finder.eu\/index.php?rest_route=\/wp\/v2\/pages\/27128\/revisions\/27135"}],"wp:attachment":[{"href":"https:\/\/invest-finder.eu\/index.php?rest_route=%2Fwp%2Fv2%2Fmedia&parent=27128"}],"curies":[{"name":"wp","href":"https:\/\/api.w.org\/{rel}","templated":true}]}}